r?
False
Let u(r) = -3*r**3 + r**2 + r**3 + r**3 - 5 + 2 - 3*r. Is u(-4) a composite number?
False
Let d(a) = a**2 + 6*a - 2. Let t be d(-7). Suppose -t + 89 = 2*j + 5*q, j - q = 49. Is j a composite number?
False
Suppose 2*x = -0*x. Suppose -4*m - 2*u + 350 = x, -4*m + 5*u + 272 = -43. Suppose 4*p + m = 5*j + 2*p, -5*j + 75 = -4*p. Is j a composite number?
False
Suppose 0 = 4*h - 0*h - 16. Let v = 3 + h. Is v a prime number?
True
Let k = -1015 - -1878. Is k composite?
False
Suppose -2*f + 4 = -34. Let u be (-30)/(-4)*(f - 1). Suppose 0*p + 5*p = -4*b + 127, -4*b + u = -3*p. Is b a composite number?
True
Suppose -z + 3*o = -10, 0 = -4*z + z - 5*o - 12. Suppose 3*m = -2*q - 1 - z, 3*q - 14 = 4*m. Is (-1 - -195)*1/q a composite number?
False
Let k = 6 - 2. Suppose 0 = i + k*i - 140. Is 24/i*(-7)/(-1) prime?
False
Let v(g) = g**2 + 6*g - 18. Let t be v(-8). Let d(i) = 285*i**2 + 1. Is d(t) composite?
True
Suppose -5*f = -4*h + 2*h - 474, 5*f - 5*h - 480 = 0. Let g(q) = q + 9. Let z be g(-9). Suppose -f = -z*y - 2*y. Is y composite?
False
Suppose 0 = -v - 320 + 1083. Is v composite?
True
Let x(d) = -d + 7. Let g be x(3). Suppose g*i - 2*i = 382. Is i a prime number?
True
Let x(t) = 20*t**2 + 2*t + 5. Is x(3) a prime number?
True
Let m = 62 + 21. Is m a prime number?
True
Is (-25059)/(-21) + 4/(-14) a prime number?
True
Suppose -2*m - 3*b = -5*m - 2082, -3 = b. Let y = 1616 + m. Is y a prime number?
True
Let f = -4 + 1. Let n(c) = -27*c - 4. Is n(f) prime?
False
Suppose 3*n = -0*n. Suppose 20 = 4*b + 6*m - 2*m, n = -4*b - 2*m + 14. Suppose 0 = -4*w + 30 - b. Is w a prime number?
True
Suppose u - 1482 = -4*y + 2*u, -1488 = -4*y - 2*u. Is y a prime number?
False
Suppose -6*g + 2*g + 372 = 0. Is g composite?
True
Let p be (-4)/(3/6 + 0). Is 2 + 98 - (-5 - p) composite?
False
Let s = -152 + 289. Suppose 4*g - 3*a + 4 = s, -g + 32 = -a. Is g composite?
False
Let a(r) = r**3 - 11*r**2 + 1. Let n be a(11). Suppose -5*s + 14 = -51. Is -2 - n*-3*s prime?
True
Suppose -5*p = 4*c + 9, -4*c - c = 5. Let u(q) = q**3 + 12*q**2 - 2. Let w be u(-12). Is (p/w)/(4/112) a composite number?
True
Suppose -2*f - 4 = -4*r, -5*r + 6 = -0*r - 3*f. Suppose r = -2*y + 6*y - 52. Let a = 82 - y. Is a prime?
False
Let a be (-50)/(-1 + (-3)/(-2)). Let w = a - -151. Is w a composite number?
True
Let p(c) = 0 + 16*c - 8 - 2 + 0. Let x(k) = -17*k + 11. Let o(v) = 6*p(v) + 5*x(v). Is o(4) composite?
True
Let f be 2/(1*2/70). Suppose c - f = 189. Is c a prime number?
False
Let d(z) = 4*z - 1. Let a be d(-2). Let n(g) = g**3 + 9*g**2 - 2*g - 7. Is n(a) prime?
True
Is (5 - -84) + 8/2 a composite number?
True
Let y = -3 + 2. Let h be ((-414)/(-27))/((-4)/(-6)). Let v = y + h. Is v a composite number?
True
Let x = 5 - -6. Is x composite?
False
Let j = -33 - -122. Is j composite?
False
Is (-55920)/(-112) - (-2)/(-7) a prime number?
True
Suppose -z - z + 4 = 0. Suppose y + 5*i = 5 - z, -3*i + 5 = -y. Is (-15)/y*(3 + -1) composite?
True
Suppose -3*u = t + 11, 0*t + 3*u + 19 = t. Suppose -t*f = -f - 84. Suppose -4*o - b - 3 = -f, -4*b - 12 = 0. Is o a prime number?
True
Let o(d) = 2*d**2 - d + 4. Suppose -1 = t - 5. Let y = -7 + t. Is o(y) a prime number?
False
Let p(w) = 2*w**2 - 2*w - 2. Let j be p(2). Suppose -n = -i + 4 - 3, 3*i + j*n = 13. Suppose 0 = -i*q + 19 + 92. Is q prime?
True
Suppose 0*w + v = 5*w - 2242, -2*w + 910 = 4*v. Is w prime?
True
Let q(p) = -p - 7. Let j be q(-6). Let v = 18 - j. Is v composite?
False
Suppose -2*q + 202 = 5*w - 440, -w - 4*q + 114 = 0. Let y = w - -9. Is y a composite number?
False
Suppose -89 = -f + 68. Is f a prime number?
True
Suppose 3*y + 2*y - 10 = 0. Suppose v - 9 = -4*m - 2*v, 0 = y*v + 2. Is (-2 - (-42 + m))/1 a composite number?
False
Suppose b - 14 = 20. Let z = 73 - b. Is z a composite number?
True
Let d = 426 + -1229. Let k = 1212 + d. Is k a prime number?
True
Let f(p) = 3*p**2 + 3*p + 5. Let i be f(4). Suppose -5*t = c + 189 + i, -4*c - 149 = 3*t. Let g = 72 + t. Is g a composite number?
True
Let s be (0/(-4))/(-3 - -1). Suppose o - 4 = -s*o. Let p = o - -11. Is p prime?
False
Let h = 18 + -17. Let q(v) = -v - 6. Let y be q(-5). Let g = h - y. Is g a composite number?
False
Let x(q) = 93*q**2 - 4*q - 1. Is x(-2) a composite number?
False
Suppose 0 = 2*j - 11 - 1. Suppose -2*d = -3*g - 2, g + 2*g = j. Suppose -6 - 14 = 5*l, -3*l + 64 = d*h. Is h composite?
False
Let w be (1 + (-21)/6)*2. Let d = -3 - w. Is d a prime number?
True
Suppose 4*m - 25 = -m. Is 3/m + (-2248)/(-20) a prime number?
True
Let w be 0 - (-2 - (-96)/1). Let o = 147 + w. Is o prime?
True
Suppose 2*y - 128 = 594. Is y composite?
True
Let c(a) = a**3 - 8*a**2 - a + 10. Let b be 155/20 - 2/(-8). Let k be c(b). Let f = 8 - k. Is f a prime number?
False
Suppose -4*m = 4, 3*d + 322 = 7*d - 2*m. Let t = d + -45. Is t a prime number?
False
Suppose 3 = 4*d + 3*g, -4*d - 3*g + 5*g = -18. Is 3*1/d*19 a composite number?
False
Let h be ((-8)/10)/(4/(-10)). Let y be (0/h)/(-2) + -15. Is ((-14)/3)/(5/y) composite?
True
Suppose h = 4*x - 0*h - 2929, -3*h + 1475 = 2*x. Is x composite?
False
Is -3 - ((-368)/(-2))/(-1) a composite number?
False
Suppose 2*y + 3*y - 15 = 0. Suppose 4*v - 5*o - 94 = -3*o, 3*v - 72 = y*o. Is v composite?
False
Let b(y) = 6*y + 18*y - 4*y + 0 - 1. Is b(1) prime?
True
Suppose 0 = -2*w + 339 + 107. Is w a composite number?
False
Suppose -3*j - 2*j = -9180. Suppose -2*z - 2*t = -0*z - j, 1 = -t. Is z prime?
True
Let r = -327 + 884. Is r a prime number?
True
Suppose 4*o + 40 = 3*d, -5*d + 70 = -d - 2*o. Suppose -5*z + 3*h = -52, 0 = -2*h + 7*h + d. Is (26/z)/((-2)/(-8)) a composite number?
False
Let q be 1/((-1)/102*-3). Let r = q + -23. Is r prime?
True
Suppose 3*k = -2*k. Suppose k = 4*q - 7*q - 3. Let o(s) = -67*s**3 - s**2 + 1. Is o(q) composite?
False
Suppose -2*t + 854 = 4*p, 10 = -0*t + 2*t. Is p prime?
True
Let n be 3118/8 + 7/28. Let t = -212 + n. Is t prime?
False
Suppose -604 = -5*f + 1371. Is f composite?
True
Let i(y) = 55*y**3 + y**2 + 3*y - 1. Let v be 12/5 - 2/5. Is i(v) prime?
True
Suppose -4 = -2*b + b. Suppose -2*d + 3*d - 5 = k, 0 = -4*k. Suppose 5*y - 85 = -d*p, -b*y + 6*y = 3*p - 31. Is p a prime number?
True
Suppose 0 = n + 2*n - 4083. Is n a composite number?
False
Let v(a) be the first derivative of 5*a**2/2 - 9*a - 1. Let h be v(6). Suppose 5*s - 2*p = 39, 5*s + p - 12 - h = 0. Is s composite?
False
Suppose n = 2*n - 1. Suppose -2*v + 3*d = -19, 5*v - 3*v + d = -n. Suppose 4*x = -5*a + 223, 4*a + v*x - 173 = -3*x. Is a a prime number?
True
Suppose 5*l = l + 368. Suppose 2*a + 371 = 6*a - 5*c, a - 2*c - l = 0. Is a a prime number?
False
Let a = -11 + 8. Let z = a + 130. Let w = -74 + z. Is w a prime number?
True
Let w = -10 - -14. Suppose 0*x - w*x + 28 = 0. Is x a prime number?
True
Let j(o) = o**2 - 3*o + 4. Let i(p) = -2*p**2 + 4*p - 6. Let c(z) = 5*i(z) + 7*j(z). Let x be c(-3). Is (-15)/1*x/6 composite?
True
Let i(z) = 66*z - 35. Is i(14) composite?
True
Let z(c) = c**3 + c**2 + 2*c - 9. Let d(w) = -2*w**3 - w**2 - 3*w + 14. Let i(n) = 5*d(n) + 8*z(n). Let t be i(2). Is ((-242)/3)/(t/6) composite?
True
Suppose -14*z + 22 = -12*z. Is z composite?
False
Let m be 5295/35 - 4/14. Let w = -96 + m. Is 2*(w/2 + -1) prime?
True
Let k be (-4)/(-2 - (-57)/27). Let p(n) = 43*n. Let i be p(1). Let s = i - k. Is s prime?
True
Let t(n) = -139*n + 1. Let g be t(-4). Suppose -2*y = -y - g. Is y composite?
False
Suppose 482 - 46 = 4*d. Is d prime?
True
Suppose 5*t - 226 = 219. Is t composite?
False
Let d = -46 - -32. Is -1 - (-7)/(d/(-80)) a composite number?
True
Suppose 0 = -0*b - b + 133. Is b prime?
False
Let f(l) = -4*l - 1. Let c(z) = -z**2 - 7*z - 7. Let o be c(-6). Let h be f(o). Suppose -52 = -w - 3*q, -h*w - w + 2*q = -138. Is w prime?
True
Let g(z) = z**2 + 7*z + 6. Let f be g(-5). Is (-386)/f + 1/2 a composite number?
False
Let c be (-38)/(-14) + (-4)/(-14). Let f be 2*c/(-3 + 0). Is (f/(6/(-267)))/1 a prime number?
True
Let w(i) = 29*i + 4. Is w(5) a prime number?
True
Let w be (-4092)/6*1/1. Let l = w - -975. Is l a prime number?
True
Let k(d) be the second derivative of d**5/20 - d**4/6 - d**3/2 - d**2 + d. Let x be k(-3). Let m = -3 - x. Is m a composite number?
True
Suppose 0 = 4*h - 479 - 1685. Is h a prime number?
True
Is -3 -